housands digit of 2643323?
6
What is the hundreds digit of 1434265?
2
What is the units digit of 18941081?
1
What is the hundred thousands digit of 3704492?
7
What is the hundred thousands digit of 490051?
4
What is the thousands digit of 9954073?
4
What is the tens digit of 8771414?
1
What is the hundred thousands digit of 7889828?
8
What is the tens digit of 109312?
1
What is the millions digit of 30331109?
0
What is the hundreds digit of 311464?
4
What is the ten thousands digit of 26774426?
7
What is the ten thousands digit of 1377423?
7
What is the units digit of 401391?
1
What is the ten thousands digit of 3719669?
1
What is the hundreds digit of 13616643?
6
What is the thousands digit of 125739?
5
What is the tens digit of 62869?
6
What is the hundreds digit of 1593172?
1
What is the ten thousands digit of 1824793?
2
What is the hundred thousands digit of 2240653?
2
What is the ten thousands digit of 64194?
6
What is the tens digit of 12329611?
1
What is the thousands digit of 903905?
3
What is the units digit of 1644931?
1
What is the thousands digit of 69604?
9
What is the thousands digit of 5020736?
0
What is the hundred thousands digit of 985406?
9
What is the millions digit of 5877081?
5
What is the ten thousands digit of 580053?
8
What is the hundreds digit of 73457?
4
What is the tens digit of 507932?
3
What is the units digit of 87356?
6
What is the hundreds digit of 1366976?
9
What is the thousands digit of 35443909?
3
What is the units digit of 92745?
5
What is the tens digit of 157772?
7
What is the hundred thousands digit of 3339226?
3
What is the units digit of 691803?
3
What is the thousands digit of 31293?
1
What is the units digit of 5165783?
3
What is the hundreds digit of 32773152?
1
What is the ten thousands digit of 6611581?
1
What is the tens digit of 3469371?
7
What is the thousands digit of 8713830?
3
What is the thousands digit of 484641?
4
What is the thousands digit of 234623?
4
What is the tens digit of 181036?
3
What is the thousands digit of 282311?
2
What is the thousands digit of 562388?
2
What is the thousands digit of 3454723?
4
What is the thousands digit of 6698867?
8
What is the ten thousands digit of 307896?
0
What is the tens digit of 20004873?
7
What is the hundreds digit of 5855280?
2
What is the tens digit of 87613?
1
What is the tens digit of 209961?
6
What is the hundreds digit of 726693?
6
What is the hundreds digit of 3362581?
5
What is the units digit of 131985?
5
What is the thousands digit of 215382?
5
What is the ten thousands digit of 3984307?
8
What is the units digit of 876353?
3
What is the hundreds digit of 5006783?
7
What is the millions digit of 1386538?
1
What is the ten millions digit of 23124884?
2
What is the hundreds digit of 181819?
8
What is the ten thousands digit of 3345345?
4
What is the ten thousands digit of 1417763?
1
What is the thousands digit of 6893542?
3
What is the units digit of 526636?
6
What is the thousands digit of 3728609?
8
What is the hundreds digit of 6924427?
4
What is the ten thousands digit of 4879332?
7
What is the thousands digit of 156314?
6
What is the tens digit of 240019?
1
What is the tens digit of 170659?
5
What is the units digit of 13226171?
1
What is the millions digit of 20325205?
0
What is the thousands digit of 184058?
4
What is the millions digit of 19078384?
9
What is the units digit of 641939?
9
What is the hundreds digit of 579959?
9
What is the ten millions digit of 17410355?
1
What is the hundreds digit of 2796086?
0
What is the ten thousands digit of 26832962?
3
What is the ten thousands digit of 24121248?
2
What is the units digit of 12413129?
9
What is the thousands digit of 1224142?
4
What is the ten thousands digit of 7366010?
6
What is the thousands digit of 11602457?
2
What is the ten thousands digit of 4002109?
0
What is the tens digit of 404803?
0
What is the units digit of 354091?
1
What is the ten thousands digit of 6740036?
4
What is the ten thousands digit of 112585?
1
What is the ten thousands digit of 990194?
9
What is the thousands digit of 21152429?
2
What is the units digit of 1506422?
2
What is the tens digit of 27555210?
1
What is the tens digit of 465700?
0
What is the millions digit of 13914046?
3
What is the hundred thousands digit of 1783667?
7
What is the ten thousands digit of 124800?
2
What is the tens digit of 9435097?
9
What is the ten thousands digit of 325726?
2
What is the thousands digit of 3514007?
4
What is the hundred thousands digit of 939183?
9
What is the units digit of 7865343?
3
What is the thousands digit of 113956?
3
What is the millions digit of 2711455?
2
What is the hundred thousands digit of 450538?
4
What is the tens digit of 3521?
2
What is the units digit of 8702556?
6
What is the units digit of 21266995?
5
What is the units digit of 11005711?
1
What is the tens digit of 23230264?
6
What is the ten millions digit of 12526948?
1
What is the units digit of 282549?
9
What is the units digit of 82854?
4
What is the thousands digit of 455401?
5
What is the hundreds digit of 7241545?
5
What is the ten thousands digit of 22278569?
7
What is the hundreds digit of 25707535?
5
What is the units digit of 211024?
4
What is the tens digit of 707254?
5
What is the millions digit of 2300780?
2
What is the units digit of 46844?
4
What is the units digit of 29850351?
1
What is the units digit of 23625575?
5
What is the tens digit of 204566?
6
What is the hundreds digit of 142089?
0
What is the hundred thousands digit of 315472?
3
What is the thousands digit of 15151?
5
What is the units digit of 18365984?
4
What is the hundreds digit of 7792491?
4
What is the hundred thousands digit of 7517167?
5
What is the tens digit of 744957?
5
What is the tens digit of 1722581?
8
What is the hundred thousands digit of 312180?
3
What is the units digit of 1724581?
1
What is the tens digit of 8853844?
4
What is the hundred thousands digit of 941335?
9
What is the millions digit of 1978428?
1
What is the tens digit of 2734470?
7
What is the millions digit of 7717623?
7
What is the hundred thousands digit of 2518756?
5
What is the ten thousands digit of 3870357?
7
What is the millions digit of 1153623?
1
What is the hundred thousands digit of 360097?
3
What is the ten thousands digit of 451273?
5
What is the thousands digit of 6137449?
7
What is the hundreds digit of 2879?
8
What is the ten thousands digit of 1813397?
1
What is the ten thousands digit of 186825?
8
What is the thousands digit of 1555931?
5
What is the tens digit of 458238?
3
What is the tens digit of 116821?
2
What is the hundreds digit of 1005713?
7
What is the tens digit of 1329783?
8
What is the millions digit of 2982319?
2
What is the thousands digit of 247598?
7
What is the ten thousands digit of 210465?
1
What is the tens digit of 435682?
8
What is the ten thousands digit of 1247730?
4
What is the tens digit of 2786527?
2
What is the thousands digit of 460950?
0
What is the thousands digit of 141524?
1
What is the units digit of 2049891?
1
What is the hundred thousands digit of 2692794?
6
What is the hundreds digit of 446148?
1
What is the tens digit of 10682908?
0
What is the units digit of 451233?
3
What is the thousands digit of 69831?
9
What is the units digit of 813631?
1
What is the hundred thousands digit of 931502?
9
What is the ten thousands digit of 892932?
9
What is the units digit of 187482?
2
What is the tens digit of 14891469?
6
What is the hundred thousands digit of 1603205?
6
What is the tens digit of 1135735?
3
What is the hundreds digit of 2292117?
1
What is the ten thousands digit of 20159?
2
What is the hundreds digit of 127851?
8
What is the millions digit of 2904430?
2
What is the hundred thousands digit of 6334101?
3
What is the hundred thousands digit of 3163183?
1
What is the millions digit of 15369723?
5
What is the hundred thousands digit of 1273438?
2
What is the tens digit of 5370883?
8
What is the millions digit of 1893737?
1
What is the thousands digit of 14450784?
0
What is the units digit of 6755080?
0
What is the hundreds digit of 894128?
1
What is the millions digit of 1707285?
1
What is the thousands digit of 5082368?
2
What is the millions digit of 4340919?
4
What is the hundreds digit of 67764?
7
What